Calculate z(21).
33
Let t(p) = 97725*p - 8208897. Give t(84).
3
Let w(d) = 340*d + 75134. Determine w(-221).
-6
Let u(i) = -i**2 - 695*i + 1391. Determine u(2).
-3
Let o(a) = -a**2 + 109*a + 27415. What is o(229)?
-65
Let l(r) = r**3 - 209*r**2 + 8044*r + 2488. What is l(158)?
276
Let m(w) = -w**3 + 324*w**2 + 5096*w + 157. Calculate m(-15).
-8
Let l(p) = 35*p**2 + 228*p + 413. What is l(-4)?
61
Let f(p) = 79*p**2 + 329*p - 331. Calculate f(-6).
539
Let t(r) = 3*r**3 - 145*r**2 - 170*r + 3513. What is t(49)?
-15
Let v(g) = -g**3 - 11*g**2 - 1031*g - 16516. Calculate v(-15).
-151
Let s(v) = -18*v**2 - 637*v - 313. Give s(-35).
-68
Let w(q) = 86*q - 303. What is w(-1)?
-389
Let i(d) = 17*d**2 - 257*d - 13785. Give i(37).
-21
Let r(i) = 23*i**3 + 6*i**2 - i + 18. Give r(-2).
-140
Let k(z) = 2*z**3 + 404*z**2 - 421*z - 3229. Calculate k(-203).
-184
Let r(z) = -8658*z - 34386. Determine r(-4).
246
Let r(c) = 5273*c - 39324. Give r(7).
-2413
Let f(m) = m**3 + 28*m**2 + 47*m + 3210. Determine f(-30).
0
Let n(k) = k**3 + 125*k**2 - 657*k - 778. What is n(-130)?
132
Let j(b) = 29*b**3 + 42*b**2 - 482*b - 975. Determine j(-2).
-75
Let m(x) = x**3 + 85*x**2 + 86*x + 841. Give m(-84).
673
Let b(l) = l**3 - 12*l**2 - 7509*l - 73797. What is b(-75)?
3
Let j(c) = -1534*c**3 - 1498*c**2 + 28*c + 1. Calculate j(-1).
9
Let l(i) = -2*i**3 + 718*i**2 + 14267*i - 1833. Calculate l(-19).
10
Let x(s) = 2*s**3 - 1166*s**2 + 18154*s - 5643. Determine x(567).
27
Let w(f) = -30*f - 5098. Determine w(-71).
-2968
Let y(a) = -116*a + 717. Calculate y(-9).
1761
Let n(c) = 2*c**3 + 75*c**2 - 301*c - 716. Give n(-41).
-142
Let k(v) = 868362*v - 10420355. Determine k(12).
-11
Let l(r) = 10*r**2 - 8*r + 1356. Give l(-18).
4740
Let o(a) = -8*a**3 - 55*a**2 + 17*a + 25. Calculate o(-7).
-45
Let u(t) = 1618*t**2 - 35599*t + 93. Give u(22).
27
Let k(f) = f**3 + 173*f**2 + 879*f + 6250. Give k(-168).
-302
Let m(q) = 201*q**2 + 4414*q - 155. Calculate m(-22).
21
Let k(m) = 65*m**3 - 35*m**2 - 74*m + 411. Determine k(-5).
-8219
Let n(y) = y**3 - 2544*y**2 + 15242*y - 33. What is n(6)?
51
Let v(z) = -3504*z + 42059. Give v(12).
11
Let b(g) = 10*g**2 + 2160*g + 30139. Determine b(-201).
-11
Let z(j) = 2*j**2 + 5082*j - 3248057. Give z(-3070).
3
Let y(i) = 6977*i - 6370007. Calculate y(913).
-6
Let f(q) = 6*q**2 + 711*q + 19605. Give f(-27).
4782
Let x(o) = 1722901*o + 15506101. Give x(-9).
-8
Let p(j) = -3*j**3 + 307*j**2 + 524*j - 423. Determine p(104).
-7
Let y(m) = -m**2 + 1256*m + 18890. What is y(-15)?
-175
Let u(h) = -h**2 - 558*h + 25425. Calculate u(41).
866
Let d(b) = b**3 + 712*b**2 - 9453*b + 368. Determine d(13).
4
Let m(n) = -4*n**2 - 4358*n + 17500. Calculate m(4).
4
Let w(j) = -3*j**2 - 446*j - 326. Calculate w(0).
-326
Let n(i) = 93*i - 10304. Determine n(83).
-2585
Let l(s) = 265*s - 3880. Determine l(14).
-170
Let n(s) = 183*s**3 - 182*s**2 - 6268*s + 6271. Give n(1).
4
Let a(l) = 152*l - 37. Determine a(-3).
-493
Let v(h) = 91*h**3 + 575*h**2 - 43*h + 6. Calculate v(-7).
-2731
Let t(f) = -3126*f - 17003. What is t(-5)?
-1373
Let g(l) = -95*l**3 + 1427*l**2 - 365*l + 5026. What is g(15)?
1
Let h(a) = a**3 + 107*a**2 + 1662*a + 164932. Determine h(-106).
-4
Let s(b) = 5*b**3 + 425*b**2 + 5778*b + 491135. Give s(-85).
5
Let t(f) = -1690*f - 23225. Determine t(-14).
435
Let a(k) = 399*k - 13609. Give a(34).
-43
Let g(f) = f**3 - 67*f**2 + 821*f - 1097. What is g(14)?
9
Let i(w) = 710*w**2 + 7218*w + 1154. Give i(-10).
-26
Let n(m) = -m**3 + 20*m**2 + 1261*m - 4601. Give n(-29).
39
Let w(p) = 2*p**2 - 28438*p + 992869. What is w(35)?
-11
Let c(k) = 46011*k - 229384. Determine c(5).
671
Let q(f) = f**2 + 1334*f - 151087. What is q(105)?
8
Let n(h) = -136*h - 3890. Determine n(-29).
54
Let b(y) = -12*y**2 - 1073*y - 418. Give b(-89).
27
Let z(h) = -h**2 + 1585*h - 23550. Calculate z(15).
0
Let h(t) = 431*t - 4300. Determine h(10).
10
Let y(h) = 2678*h - 1033710. Determine y(386).
-2
Let r(z) = -712*z - 313896. What is r(-441)?
96
Let p(b) = -3*b**3 - 5*b**2 + 78*b - 35. Calculate p(7).
-763
Let g(a) = -15533*a + 264081. Determine g(17).
20
Let k(m) = m**3 + 540*m**2 - 10611*m - 276. Calculate k(19).
-86
Let o(q) = 585*q - 5840. What is o(10)?
10
Let u(i) = 4*i**2 + 782*i + 15434. Give u(-173).
-136
Let d(h) = 108*h + 1869. What is d(-7)?
1113
Let y(p) = 2181*p + 13127. Give y(-6).
41
Let m(z) = 2398*z + 508435. Give m(-212).
59
Let u(z) = z**3 - 40*z**2 - 674*z - 238. Calculate u(53).
557
Let q(g) = g**3 + 41*g**2 + 5745*g + 250605. Determine q(-43).
-128
Let f(u) = -28300*u - 13640604. Give f(-482).
-4
Let a(k) = 10*k**2 - 5178*k - 31043. Determine a(-6).
385
Let n(g) = -g**3 + 19*g**2 + 7083*g - 141023. Give n(20).
237
Let a(h) = 5*h**2 - 10063*h + 40179. Give a(4).
7
Let v(j) = -1017*j - 88476. What is v(-87)?
3
Let i(g) = -2*g**3 - 487*g**2 + 6122*g - 12. Give i(12).
-132
Let o(r) = -11*r**2 - 2930*r + 14645. Determine o(5).
-280
Let q(a) = a**2 - 799*a + 159190. Determine q(379).
10
Let g(z) = -z**3 + z**2 + 111*z + 1558. What is g(-12)?
2098
Let u(s) = -9540*s - 9271. Determine u(-1).
269
Let m(n) = -n**3 - 29*n**2 - 167*n - 83. Give m(-21).
-104
Let a(b) = -3293*b + 3220537. Give a(978).
-17
Let x(p) = -801*p**2 + 4022*p - 32. What is x(5)?
53
Let q(j) = -j**3 + 187*j**2 - 1963*j + 4912. What is q(176)?
160
Let r(l) = -129867*l - 389644. What is r(-3)?
-43
Let t(u) = -4*u**2 + 487*u - 2406. Calculate t(114).
1128
Let h(i) = 356*i - 80817. Determine h(231).
1419
Let t(w) = 4509*w + 31235. Determine t(-7).
-328
Let i(v) = 932*v - 143173. What is i(152)?
-1509
Let y(g) = 1819150*g - 14553192. Determine y(8).
8
Let z(l) = 11*l**3 + 55*l**2 + 2012*l + 10066. Determine z(-5).
6
Let w(m) = 2142184*m + 27848391. Calculate w(-13).
-1
Let m(z) = -878*z**3 - 2*z**2 - 15*z - 13. What is m(-1)?
878
Let v(q) = -5*q**2 + 1453*q + 2008. Give v(292).
-36
Let t(n) = -739*n - 1812. Give t(-2).
-334
Let f(o) = -2140*o + 8505. Determine f(4).
-55
Let i(s) = 14141*s + 170033. Determine i(-12).
341
Let c(h) = -h**3 + 65*h**2 - 1040*h - 79. Give c(34).
397
Let v(c) = -5928*c**2 - 35577*c - 50. What is v(-6)?
4
Let k(r) = -r**2 - 143*r - 4086. Give k(-91).
646
Let m(r) = 37695*r + 61. Give m(0).
61
Let b(v) = 15028*v + 149391. Determine b(-10).
-889
Let v(k) = k**3 + 9*k**2 + 220. Determine v(-15).
-1130
Let f(r) = 10998*r - 165293. What is f(15)?
-323
Let d(h) = h**2 - 14155*h - 12611659. Give d(-841).
-23
Let y(a) = -6928*a + 27898. Give y(4).
186
Let p(z) = 16453*z - 9756634. Determine p(593).
-5
Let n(t) = 407358*t - 12628093. Give n(31).
5
Let k(v) = 554752*v + 4992753. What is k(-9)?
-15
Let o(v) = -124*v + 6097. Calculate o(56).
-847
Let j(f) = 2*f**3 - 30*f**2 - 373*f - 30. Calculate j(-9).
-561
Let o(j) = 3150*j**2 - 6639*j + 3. Determine o(2).
-675
Let o(k) = 2*k**2 - 1053*k - 17893. Calculate o(543).
26
Let k(h) = -h**3 - 9*h**2 + 1947*h + 26265. What is k(-14)?
-13
Let j(m) = 2*m**3 + 13*m**2 - 69*m - 710. Give j(-10).
-720
Let s(t) = -35*t**2 - 1933*t + 3554. What is s(-57)?
20
Let s(w) = 3*w**3 + 17*w**2 + 177*w + 995. Give s(-5).
160
Let a(i) = -13*i**2 + 144*i - 70. Determine a(18).
-1690
Let a(o) = -22318*o - 43705. Calculate a(-2).
931
Let c(y) = y**3 - 1566*y**2 - 56034*y - 26. What is c(-35)?
-61
Let p(x) = 5*x**3 - 375*x**2 + 27*x - 2036. Determine p(75).
-11
Let k(j) = 15359*j + 61404. Give k(-4).
-32
Let n(s) = -223*s**2 - 40585*s + 317. What is n(-182)?
135
Let m(r) = 2*r**3 - 63*r**2 + 499*r - 12284. Calculate m(30).
-14
Let r(a) = 4746*a + 4794. Determine r(-1).
48
Let p(j) = 210014*j + 2310155. Determine p(-11).
1
Let d(v) = -3*v**3 - 3*v**2 + 39*v - 13. What is d(4)?
-97
Let w(q) = q**3 - 13*q**2 + 772*q - 12055. Give w(15).
-25
Let w(l) = -131*l**2 + 100*l - 95. What is w(1)?
-126
Let d(m) = -5*m**2 + 734*m - 8618. Determine d(12).
-530
Let g(l) = -363102*l - 2178626. Calculate g(-6).
-14
Let k(q) = -q**3 + 12*q**2 + 85*q - 45. Determine k(9).
963
Let k(i) = 382943*i + 14551842. What is k(-38)?
8
Let m(c) = 101*c + 3987. Give m(-35).
452
Let q(m) = -17*m**2 + 281*m + 342. Determine q(18).
-108
Let h(s) = -4*s**3 + 287*s**2 - 489*s - 20. Give h(70).
50
Let h(k) = k**3 - 15*k**2 - 660*k - 122. What is h(-19)?
144
Let y(o) = o**3 + 8*o**2 + 1306*o - 535. Determi